ctors of m?
2, 79
Let d(b) = -3*b**3 + 135*b**2 + 4*b + 8. Let x be (-18)/6 - (-47 - (-1)/(-1)). What are the prime factors of d(x)?
2, 47
Suppose -m + 6 = -0*q - q, 2*m = -q + 3. Suppose -m*r + 4 + 5 = -3*v, 4*v + 12 = -5*r. What are the prime factors of (5 - r)/(4*4/576)?
2, 3, 5
Let x(t) = t**2 + 2*t + 11. Suppose 101*z - 102*z + 9 = 0. What are the prime factors of x(z)?
2, 5, 11
Let w(c) = 13104*c**2 + 281*c - 567. What are the prime factors of w(2)?
17, 3083
Let z be (-8)/44 + (-288)/(-132). Suppose 4*a - x - 939 = z*a, 2*x + 474 = a. List the prime factors of a.
2, 3, 13
List the prime factors of ((-2253)/2)/(-18 - 1833/(-104)).
2, 751
Let f = -46047 + 117386. What are the prime factors of f?
71339
Let c(f) = -f**3 + 6*f**2 + 9*f + 2. Let j be c(7). Let u = 23 - j. Suppose -u*y = 6 - 55. List the prime factors of y.
7
Let p = -27168 - -41138. List the prime factors of p.
2, 5, 11, 127
Let l = 39380 - 23093. List the prime factors of l.
3, 61, 89
Let g = 133 - 128. Suppose 0*p + 4*p = g*n + 32, 5*p - 4*n = 40. What are the prime factors of (11/((-220)/p))/(3/(-1905))?
2, 127
Suppose -5*l = -4*l. Suppose 5*z - 21 - 324 = l. Suppose r + z = 236. What are the prime factors of r?
167
Suppose -50*v + 417748 = -308402. List the prime factors of v.
3, 47, 103
Suppose -2*y + 195 = -7*y. Let h = -22 - y. Suppose -h*r - 1240 = -22*r. List the prime factors of r.
2, 31
Let w = -747 - -705. Let j(f) = -2*f**3 - 82*f**2 + 72*f - 34. List the prime factors of j(w).
2, 5, 47
Let o = -27 - -39. Let r be o/10*120/36. Suppose 250 = r*s + s. What are the prime factors of s?
2, 5
Let o(w) = -2*w**2 - 28*w - 16. Let j be o(-13). Suppose -j*a - 3 = -43. Suppose -a*g + 5*k + 526 = 0, 0 = 4*g + 2*k + k - 542. List the prime factors of g.
2, 67
Suppose 4*c - 29943 = m, -2*m + 0 = c - 7497. List the prime factors of c.
7487
Let a be ((-60)/(-18) - 4)*(1 + -22). Let r(d) = -d**3 + 14*d**2 + 2*d - 19. Let j be r(a). List the prime factors of (-656)/(-5) + -2 + j/5.
131
Let n = 6433 + -2067. List the prime factors of n.
2, 37, 59
Let o be (14394/(-24))/(9/(-4) + 2). Suppose o = 3*b + 50. What are the prime factors of b?
3, 29
What are the prime factors of 2/20*6*(86170/10 + -12)?
3, 1721
Let g(p) = p - 8. Let q be g(14). Let a be (1 - -1) + q + (-10)/2. Suppose -a*u = -5*u + 70. List the prime factors of u.
5, 7
Suppose -57 = -4*z + 151. Let i(w) = -w**3 - 36*w**2 - 4*w - 33. Let g be i(-36). Let r = g - z. What are the prime factors of r?
59
Let g = 6342 - -12047. What are the prime factors of g?
7, 37, 71
Suppose -17400 = -8*l + 4*l. Suppose -9*n + l + 888 = 0. What are the prime factors of n?
2, 3, 97
Let w(k) = 177*k**2 + 37*k - 122. List the prime factors of w(4).
2, 1429
Let k = 2841 + -114. What are the prime factors of k?
3, 101
Suppose 0 = 4*p + 471 - 491, -3*h - 5*p + 6997 = 0. What are the prime factors of h?
2, 7, 83
Let y(x) = 201*x**2 - 5*x + 1. Let z be y(3). Let a be (z + -3)/4 - -1. Suppose -3*s + 306 + a = r, 0 = -s - 5*r + 247. List the prime factors of s.
2, 3, 7
Let z be (88/12)/(3/(-18)). Let j = -39 - z. List the prime factors of (-185)/2*((-4)/j + 0).
2, 37
Let n(f) = 10*f**3 - 22*f**2 + 11*f - 47. List the prime factors of n(10).
3, 2621
Let b(c) = 19*c - 62*c - 8 - c. Let f be -6 + 12/(5 + -2). List the prime factors of b(f).
2, 5
Suppose -2*a + 105479 = 5*s, -3*a + 3*s + 121744 = -36401. List the prime factors of a.
2, 3, 29, 101
Let p = 24452 + -407. What are the prime factors of p?
3, 5, 7, 229
Suppose 5*z - 38128 = -5*j + 7*z, 2*j + 2*z - 15268 = 0. What are the prime factors of j?
2, 1907
Suppose -12*d = -5*d - 931. Suppose -f = -j - d, 4*j - 210 - 80 = -2*f. What are the prime factors of f/(-1)*4/(-4)*1?
137
Suppose -4*o = -3*l + 4 + 10, 4*l - 4*o - 16 = 0. Let r(a) = 54*a + 1. Let b be r(l). Suppose 3*i - s = 3*s + b, 2*s + 8 = 0. What are the prime factors of i?
31
Let y be (-16 - 0)/((-2)/(-6)*-3). Suppose -20 = -5*v + c + 4*c, 4*v + 4*c - y = 0. Suppose -43 + v = -q. What are the prime factors of q?
3, 13
Let s = -5686 - -9895. What are the prime factors of s?
3, 23, 61
Let n(y) = -2*y**3 + 4*y**2 + 5*y - 11. Let h be n(7). Let m = h - -784. Suppose -3*r - 2*v + m = 0, r + r - 210 = -2*v. List the prime factors of r.
2, 3
Let j be -51 - 3 - 4*-1. Let q = j + -1. Let h = q - -144. What are the prime factors of h?
3, 31
Suppose -3*i - 4*a = -21, 4*a = -2*i + 5*i + 3. Suppose 975 = i*z - 3. List the prime factors of z.
2, 163
Let c be (9 - 0) + (-9 - 4 - -9). Suppose 0 = c*g - 4081 - 2009. What are the prime factors of g?
2, 3, 7, 29
Suppose 1769 = u - 2117. What are the prime factors of u?
2, 29, 67
Suppose 0 = -5*s + 3*b + 132843, -2*b + 12381 = 5*s - 120482. List the prime factors of s.
3, 17, 521
Let j(a) be the first derivative of -5*a**2/2 + 17*a - 108. Suppose 3*k + y = -1, -5 + 1 = -3*k + 4*y. List the prime factors of j(k).
17
Suppose 0 = 5*l + 5427*f - 5426*f - 90681, 5*l = f + 90679. What are the prime factors of l?
2, 2267
List the prime factors of 3/6 - 9/(234/(-226447)).
2, 5, 13, 67
Let h = 800 - 696. List the prime factors of 122*h/16 - -3.
2, 199
Let b(a) = 103*a**2 - 10*a + 35. Let m be b(3). Suppose 5*p = -3*g + 3300, -g - 2*p + m = -169. What are the prime factors of g?
3, 5, 73
Let n = -8 - 105. Let j = -44 - n. List the prime factors of (-1 - 2) + 1 + j.
67
Let v(h) be the third derivative of -h**6/120 + 7*h**5/60 + 11*h**4/24 + 43*h**3/6 + 170*h**2. What are the prime factors of v(-5)?
2, 3
Suppose -343 - 2729 = -2*c. Suppose 39*r + c = 45*r. List the prime factors of r.
2
Let n(g) = -41269*g**3 - 8*g**2 - 5*g - 3. List the prime factors of n(-1).
41263
Suppose z = -2*a + 204, -3*a + 320 = z + 4*z. Let d = -2513 + 2444. Let j = d + a. What are the prime factors of j?
31
Let c = -3 + -9. Let l(w) = -31 + 90 + w - 34. List the prime factors of l(c).
13
Let h(f) = 19*f**2 + 75*f - 1801. Let y(g) = -11*g**2 - 38*g + 901. Let c(i) = -4*h(i) - 7*y(i). What are the prime factors of c(0)?
3, 13, 23
Let f = -3209 - -8485. Suppose -2*n = -4*g + f, 5*g = -16*n + 12*n + 6569. List the prime factors of g.
3, 439
Let w be ((81/12)/3)/((-6)/16). Let c be -321*(-2 + (-10)/(-6)). What are the prime factors of (w/4)/(12/(-8))*c?
107
Let q(n) = -1123*n + 3833. List the prime factors of q(3).
2, 29
Let x be (-11457)/(-8) + 54/(-432). Let i = 2041 - x. What are the prime factors of i?
3, 7, 29
List the prime factors of (4588/(-185))/((-4)/(1*8900)).
2, 5, 31, 89
Suppose -2*v = 3549 - 21182 - 2785. List the prime factors of v.
3, 41, 83
Suppose -4 = -3*q - 2*q + 2*m, -5*m + 19 = 2*q. Let x(v) = -v**2 - 3*v + 149 + 120 + 0*v**q. What are the prime factors of x(0)?
269
Let x be 1/3 + ((-30)/(-9))/2. Suppose 2*s + m = 4*m + 1098, s = -x*m + 535. List the prime factors of s.
3, 181
Let x be ((-482)/(-6))/(28/84). List the prime factors of (x/4)/((-2)/(-16)).
2, 241
Suppose 0 = 2*i - 7 - 7. Suppose 3*f - i*f + 286 = 2*r, 616 = 4*r - 3*f. Suppose -4*h - 2*v = -0*v - 220, 0 = -3*h + 2*v + r. What are the prime factors of h?
53
Suppose -4*s = 10*s - 42. Suppose -s*k = -3 - 6, 18 = 5*g - 4*k. Suppose -3*o + g*o = 177. List the prime factors of o.
59
Suppose -c + 13 + 3 = 0. Suppose 9*o - c*o = -1057. List the prime factors of o.
151
Suppose -4*y - 3*f - 894 = 0, 4*y - 326 = -5*f - 1216. Let v be y/(-4) + 2/(-8). Suppose 5*n - v = -3*z + z, 5*n = 5*z + 35. What are the prime factors of n?
2, 5
Let f(m) = -92*m + 161. Let t(i) = -93*i + 164. Let z(l) = 6*f(l) - 5*t(l). List the prime factors of z(-7).
5, 151
Suppose d = -5*p + 50176, -3*d + 96*p - 93*p = -150690. List the prime factors of d.
50221
Suppose -6*o + 4009 = -3503. Suppose -3*u + 2*t + o = 0, -t + 3*t = -4*u + 1660. List the prime factors of u.
2, 13
Suppose -42*p + 96*p = 647946. List the prime factors of p.
13, 71
Suppose -48*z = 118*z - 96*z - 1987160. What are the prime factors of z?
2, 47, 151
Let m(c) = -c**2 - 18*c + 8. Suppose 13*i + 59 = -71. What are the prime factors of m(i)?
2, 11
Let y be ((-34)/(-10))/1 - 12/(-20). Suppose -q - 4*d = 20, q + 25 = -q - 5*d. Suppose 5*m - 3*p = -q*m + 403, -y*m = 4*p - 348. List the prime factors of m.
83
Let x be 0/(2*-1) + -55. Let k be 126 - ((-4)/14 - (-1836)/(-238)). Let l = k - x. What are the prime factors of l?
3, 7
Suppose 